ulate the remainder when 12390712 is divided by 3259.
3253
Calculate the remainder when 58237666 is divided by 19412550.
16
What is the remainder when 4024315 is divided by 4024216?
99
What is the remainder when 15863723 is divided by 5287886?
65
Calculate the remainder when 2151273 is divided by 1238.
867
What is the remainder when 20834212 is divided by 31?
11
Calculate the remainder when 192318 is divided by 272.
14
Calculate the remainder when 348889494 is divided by 620.
614
What is the remainder when 1328610 is divided by 25?
10
What is the remainder when 214779 is divided by 53679?
63
What is the remainder when 2065922 is divided by 1032955?
12
What is the remainder when 4987 is divided by 4523?
464
What is the remainder when 5538574 is divided by 283?
264
What is the remainder when 8311484 is divided by 21701?
1
What is the remainder when 3393557 is divided by 101?
58
What is the remainder when 43000 is divided by 188?
136
Calculate the remainder when 284907626 is divided by 94969206.
8
What is the remainder when 347326 is divided by 219?
211
Calculate the remainder when 1669991 is divided by 7843.
7275
What is the remainder when 4979565 is divided by 339?
333
Calculate the remainder when 42413290 is divided by 312.
10
What is the remainder when 424811 is divided by 6247?
15
What is the remainder when 779853 is divided by 259823?
384
What is the remainder when 6357679 is divided by 33?
31
What is the remainder when 17682007 is divided by 191?
182
What is the remainder when 1863149 is divided by 12?
5
What is the remainder when 7269310 is divided by 1489?
12
What is the remainder when 67613912 is divided by 9659130?
2
Calculate the remainder when 239812 is divided by 105.
97
What is the remainder when 31253074 is divided by 113?
99
What is the remainder when 77702 is divided by 25590?
932
What is the remainder when 10262 is divided by 4456?
1350
What is the remainder when 83368 is divided by 13888?
40
Calculate the remainder when 25201056 is divided by 29.
27
What is the remainder when 13664442 is divided by 1008?
1002
Calculate the remainder when 44892 is divided by 353.
61
What is the remainder when 626671 is divided by 312367?
1937
What is the remainder when 1974276 is divided by 199?
196
What is the remainder when 9515995 is divided by 658?
657
Calculate the remainder when 180006917 is divided by 1030.
1027
Calculate the remainder when 2210752 is divided by 59750.
2
Calculate the remainder when 4497476 is divided by 501.
500
What is the remainder when 298588 is divided by 7104?
220
What is the remainder when 522224 is divided by 45?
44
Calculate the remainder when 1006865 is divided by 375.
365
What is the remainder when 610043 is divided by 4803?
62
What is the remainder when 7731287 is divided by 868?
11
What is the remainder when 30196 is divided by 196?
12
What is the remainder when 425108 is divided by 6068?
348
What is the remainder when 262545 is divided by 23?
0
Calculate the remainder when 75867872 is divided by 43905.
32
What is the remainder when 16740 is divided by 23?
19
Calculate the remainder when 893217 is divided by 11909.
42
Calculate the remainder when 632467 is divided by 70274.
1
What is the remainder when 2247578 is divided by 361?
353
What is the remainder when 39138765 is divided by 643?
641
Calculate the remainder when 1114948 is divided by 20.
8
What is the remainder when 8962577 is divided by 160?
17
Calculate the remainder when 16347763 is divided by 10513.
48
Calculate the remainder when 43389070 is divided by 236.
234
Calculate the remainder when 112590617 is divided by 10.
7
Calculate the remainder when 9069658 is divided by 155.
143
What is the remainder when 39341 is divided by 1465?
1251
Calculate the remainder when 337883 is divided by 21117.
11
What is the remainder when 1067900 is divided by 60?
20
Calculate the remainder when 270030 is divided by 4347.
516
What is the remainder when 2933370 is divided by 494?
492
What is the remainder when 75579810 is divided by 730?
720
What is the remainder when 5917141 is divided by 295854?
61
Calculate the remainder when 1079862 is divided by 53.
40
What is the remainder when 1293584 is divided by 220?
204
What is the remainder when 51756260 is divided by 24?
20
Calculate the remainder when 2550018 is divided by 321.
315
Calculate the remainder when 1479078 is divided by 932.
926
What is the remainder when 1982919 is divided by 109?
100
What is the remainder when 162453 is divided by 82?
11
Calculate the remainder when 345498 is divided by 1321.
717
What is the remainder when 169783 is divided by 3343?
2633
What is the remainder when 175186 is divided by 1162?
886
What is the remainder when 41094593 is divided by 124529?
23
What is the remainder when 111408479 is divided by 432?
431
Calculate the remainder when 88181 is divided by 29264.
389
What is the remainder when 376851 is divided by 188424?
3
Calculate the remainder when 26742 is divided by 699.
180
What is the remainder when 1654094 is divided by 206758?
30
What is the remainder when 107685290 is divided by 1241?
1238
Calculate the remainder when 11983841 is divided by 59.
56
Calculate the remainder when 304646389 is divided by 8.
5
Calculate the remainder when 186924 is divided by 1132.
144
What is the remainder when 726805 is divided by 642?
61
What is the remainder when 10836072 is divided by 22?
16
Calculate the remainder when 307314 is divided by 446.
20
What is the remainder when 507008011 is divided by 18?
13
What is the remainder when 108649 is divided by 15520?
9
What is the remainder when 149693 is divided by 81?
5
Calculate the remainder when 164111 is divided by 41005.
91
Calculate the remainder when 701884355 is divided by 266.
263
What is the remainder when 2788654 is divided by 214510?
24
What is the remainder when 1551855 is divided by 120?
15
Calculate the remainder when 308690170 is divided by 134.
132
Calculate the remainder when 3299010 is divided by 818.
16
What is the remainder when 107761279 is divided by 40?
39
Calculate the remainder when 140164740 is divided by 6205.
6200
What is the remainder when 15888609 is divided by 1222199?
22
What is the remainder when 250535710 is divided by 712?
710
What is the remainder when 47650 is divided by 23497?
656
What is the remainder when 64418451 is divided by 1651755?
6
Calculate the remainder when 5864626 is divided by 35.
26
What is the remainder when 3469318 is divided by 838?
836
What is the remainder when 47366 is divided by 15760?
86
Calculate the remainder when 18990878 is divided by 760.
758
Calculate the remainder when 248771 is divided by 8021.
120
What is the remainder when 10972671 is divided by 192?
63
What is the remainder when 134718 is divided by 10082?
3652
What is the remainder when 1087494895 is divided by 43?
41
Calculate the remainder when 19085885 is divided by 61.
22
What is the remainder when 120488 is divided by 1385?
1378
Calculate the remainder when 4284627 is divided by 2142074.
479
Calculate the remainder when 111448 is divided by 725.
523
Calculate the remainder when 9969576 is divided by 9969558.
18
What is the remainder when 9809760 is divided by 1021?
1013
What is the remainder when 100100501 is divided by 76238?
7
Calculate the remainder when 9848042 is divided by 1713.
5
What is the remainder when 206968 is divided by 866?
860
What is the remainder when 351233 is divided by 80?
33
Calculate the remainder when 92380882 is divided by 510.
502
What is the remainder when 1155703 is divided by 21400?
103
Calculate the remainder when 1342260 is divided by 1541.
49
Calculate the remainder when 476231 is divided by 15010.
10921
What is the remainder when 2546215 is divided by 985?
975
What is the remainder when 20173534 is divided by 133599?
85
Calculate the remainder when 40558724 is divided by 3851.
3843
What is the remainder when 93875 is divided by 71?
13
Calculate the remainder when 326013 is divided by 15.
3
What is the remainder when 691679 is divided by 691492?
187
What is the remainder when 11720048 is divided by 1749?
1748
Calculate the remainder when 208158 is divided by 4080.
78
What is the remainder when 6916252 is divided by 431?
426
What is the remainder when 20543184 is divided by 10?
4
Cal